hat is the units digit of 1 + 38/c - 0?
9
Let h = 23 - 8. Let x = -8 + h. Let m(w) = 5*w - 10. What is the units digit of m(x)?
5
Let m = -127 + 129. What is the hundreds digit of m/(-6) - (-1288)/12?
1
Let j(d) = -d**3 - 13*d**2 - 15*d + 7. Let n be j(-11). Let t(q) = 2*q**2 + 2*q + 5. Let l be t(7). Let u = n + l. What is the tens digit of u?
4
Let r(y) = 6*y**2 + 25*y + 15. What is the units digit of r(-10)?
5
Let d(q) = 3*q - 12. Let s = 14 - 8. Let c be d(s). Suppose t = 3*h + 10, -h + 2 = t - c*h. What is the tens digit of t?
2
Let k = 147 + -140. Suppose -5*g + 374 = -k*w + 4*w, -231 = -3*g + 4*w. What is the units digit of g?
3
Let s(l) = -3*l + 6. Let u(g) = 4*g - 7. Let q(n) = 5*s(n) + 4*u(n). What is the units digit of q(4)?
6
Suppose p - 4*v - 64 = 0, p - 112 = -p + 4*v. Let w be 3*-3 - (7 + (-20 - -9)). What is the tens digit of w*(p/(-20) - 2)?
2
What is the tens digit of -4 - 1 - (53 - 1117)?
5
Suppose -4*q = 3*x + 1 - 0, -x - 2*q = 1. What is the tens digit of x - (-87)/6*2?
3
Let s = -104 + 71. Let t = 81 + s. What is the tens digit of t?
4
Let g be 3*3/(-3) + 23. Let v = -11 + g. Suppose 0*x = -2*x + y + v, 4*x = 5*y + 9. What is the units digit of x?
6
Suppose -458 = -3*z - 188. Suppose 4*c - 150 = 5*f - 0*c, c = -3*f - z. What is the tens digit of (0 + -1)/(3/f)?
1
Let y(o) = 3*o**3 + 2*o**2 - 4*o + 3. Suppose 4*p - 10 = -5*w, -3*w - p + 7 - 1 = 0. Let g be y(w). Suppose 0*s + g = s. What is the tens digit of s?
2
What is the tens digit of 0 - (2/3 + (-1082)/3)?
6
Let u(j) = -j**2 - 6*j + 4. Let k be u(-6). Suppose -k*f + 5*f + 12 = 0. What is the units digit of f/(-42) - (-68)/7?
0
Let s be (-13)/((-39)/18) + -5. What is the units digit of 4 - (s + 1) - (-17 - -4)?
5
Let v be 10/5*66/(-4). Let s be 4/22 - 291/v. Let l(j) = j + 8. What is the units digit of l(s)?
7
Suppose -67 - 605 = -6*b. What is the hundreds digit of b?
1
Let h(z) be the second derivative of 1/2*z**2 + 1/20*z**5 + 1/2*z**3 + 0 + z + 5/12*z**4. What is the units digit of h(-2)?
7
Suppose -4*f = -9*f - 15. Let h = -34 + 39. Let m = h + f. What is the units digit of m?
2
Suppose -a + 0*a = 2*n - 7, 12 = 2*a + 3*n. Suppose 22 = -a*h + 46. Suppose 0 = h*i - 6*i - 68. What is the units digit of i?
4
Let w(a) be the first derivative of a**5/30 + a**4/8 + a**3/6 + a**2 + 2. Let c(j) be the second derivative of w(j). What is the tens digit of c(-3)?
1
Let d(l) = l**2 + 7*l - 10. Let z be d(-7). Let q = z + 14. Suppose 2*b - 55 = -h, 4*b - 23 - 93 = q*h. What is the tens digit of b?
2
Suppose 5*j = 2 + 18. Suppose -s + 0 = -4*c - 12, -c + j = 0. Suppose -2*q + 76 = -s. What is the units digit of q?
2
What is the units digit of -3 - (5 - (-411)/(-1))?
3
Suppose 227*g - 232*g + 8000 = 0. What is the units digit of g?
0
What is the thousands digit of (-44)/(171/177 - 1)?
1
Let s(d) = 2*d**2 - 8*d - 1. Let h(y) = 2*y**2 - 9*y - 2. Let g(q) = -2*h(q) + 3*s(q). Let o = 54 - 49. What is the units digit of g(o)?
1
Suppose 2614 = d + 2*g, 5*g = -2*d - 3*d + 13050. Suppose 0 = 10*t - d + 786. What is the hundreds digit of t?
1
What is the units digit of (-71 - 94)/(-3*1)?
5
Let u(r) = 4*r**2 - 14*r + 330. What is the hundreds digit of u(-26)?
3
Let w(b) = 79*b - 65. What is the hundreds digit of w(9)?
6
Let c be 6*(-4 - 27/(-6)). What is the units digit of 5 + (-4)/c + (-1)/(-3)?
4
Suppose -2*r + i = 4*i + 27, 0 = -2*r + 2*i - 22. Let b(m) = -4*m + 2 + 0 + 4 + m**3 + 12*m**2. What is the units digit of b(r)?
4
Let n = 109 + -105. Suppose 3*x = n + 485. What is the tens digit of x?
6
Suppose 5*v = -3*f + 128, 0 = -5*v - f - 0*f + 126. Suppose -3*c = v + 59. What is the units digit of 2/7 - 608/c?
2
Suppose -56483 - 267347 = -65*h. What is the hundreds digit of h?
9
What is the hundreds digit of (8728/(-8))/((-3)/9)?
2
Let k(s) be the third derivative of s**4/4 - 7*s**3/6 - 12*s**2. Let d(z) = z - 1. Let p(g) = 3*d(g) - k(g). What is the units digit of p(-14)?
6
Let l = -33 - -35. Suppose -r - 2*y = 17 - 84, -l*r + 5*y = -179. What is the units digit of r?
7
Let w be ((-52)/(-8))/(1/2). Let x = -8 + w. Suppose 0*g = -x*g + 75. What is the units digit of g?
5
Suppose -2*y + 0*y = -2. Let t = 4 - y. Suppose m + 65 = t*b, -20 = 4*m - 0*m. What is the units digit of b?
0
Suppose 0 = 2*d + 6*m - m + 8, -4*d + m + 6 = 0. Suppose d = n + 4*t, 4*n - 4*t - 15 = 29. Let r(s) = -s**2 + 11*s + 12. What is the units digit of r(n)?
0
Let a(z) = 2*z - 3*z - 9 - 3*z + 6*z**2. What is the tens digit of a(-3)?
5
Let a be -3 - 3/(-6)*10. Suppose -n + 0*n = a. What is the units digit of (-5 + 3)/n*8?
8
Let o be 17 + -14 - (-2 + -2). Suppose m = o*m - 798. What is the tens digit of m?
3
Suppose -a + 3 = -0*a. Let q be (-2)/(a + 795/(-267)). Let u = q + 162. What is the tens digit of u?
7
Let w = 42 + -51. What is the units digit of w/6*(-55 - 3)?
7
Suppose 4*k + 1097 = 5*f, -2*f - 15*k = -12*k - 425. What is the units digit of f?
7
Let w(q) = -q**3 + 11*q**2 - 15*q + 8. Let b be w(8). Let h = b - 75. What is the units digit of h?
5
Suppose 1857 = 3*u + 30*l - 27*l, 4*u + 5*l = 2472. What is the tens digit of u?
2
What is the tens digit of ((-58)/4)/((-8)/64)?
1
Suppose 7*m = 8397 + 12610. What is the units digit of m?
1
Let b(n) = -n + 6. Let a be 10*-1 + (-1 - (5 - 4)). What is the tens digit of b(a)?
1
Let u(x) = 11*x + 9. Let d be u(5). Suppose -5*w + d = -136. What is the tens digit of w?
4
Let y(d) = 3*d - 5. Let r(t) = -2*t + 3. Let o(i) = 5*r(i) + 3*y(i). Let z be o(-4). Suppose -a - 189 = -z*a. What is the units digit of a?
3
Let v(k) = 5*k**3 - 21*k**2 + 6*k + 11. What is the hundreds digit of v(5)?
1
Suppose -7*n - 5*l + 3004 = -6*n, 0 = -4*n - 2*l + 12016. What is the hundreds digit of n?
0
Let p(c) = -c**2 - 3*c + 4. Let y be p(-4). Suppose 2*h = -6*h - 40. Let a = y - h. What is the units digit of a?
5
What is the hundreds digit of (-12)/8*17/((-306)/47928)?
9
Suppose 0 = -2*j - 4*j - 6. What is the tens digit of (-14 - -2)/(((-3)/j)/(-3))?
1
Let y(z) = z**2 - 8*z - 4. Let k be y(8). Let b be (-2)/(-6)*(2 - k). Suppose 2*g - b*m - 14 = 12, 0 = g + m - 17. What is the tens digit of g?
1
Let l(x) = -x**2 + 53*x - 112. What is the tens digit of l(39)?
3
Suppose -o - 5*k + 905 = 3*o, 0 = -4*o + 5*k + 935. What is the tens digit of o?
3
Let o be 390/(-10)*(-2)/6. Let b(l) = -l**3 + 13*l**2 + 11*l - 8. What is the hundreds digit of b(o)?
1
Let p(w) = -2*w**3 - 4*w**2 - 2*w - 13. Let u be p(-4). Let b = 176 - u. What is the tens digit of b?
1
Let l = 7 + -11. Let f = -39 + 70. Let n = f + l. What is the tens digit of n?
2
Let a = 71 - -1319. What is the tens digit of a?
9
What is the units digit of (15/25)/((-8)/(-45240))?
3
Let r be (-8)/(-24) + (-22)/(-6). Let d = -45 - -225. What is the units digit of (d/35)/(r/28)?
6
Let r(m) = m**3 - m**2 + 9. Let o be r(0). Let f be (58/6)/(o/27). Let d = f + -17. What is the tens digit of d?
1
Let q be 2*(-2)/10 + (-4743)/(-45). Let d = -10 + q. What is the tens digit of d?
9
Let r(b) be the second derivative of 0 - 1/6*b**3 + 5*b + 1/2*b**2. What is the units digit of r(-1)?
2
Let q(r) = -r**3 - 7*r**2 - 2*r + 9. Let o(a) be the first derivative of a**2 - a + 3. Let f be o(-3). What is the tens digit of q(f)?
2
Let j be 6 + ((-12)/4 - -2). Suppose f + j = 2*f. Suppose 270 = 10*g - f*g. What is the units digit of g?
4
Let w = 20 + -10. What is the units digit of ((-15)/w)/((-9)/366)?
1
Let h(d) = -7*d - 44. Let c be h(-19). Suppose -9*r - c = -1160. What is the units digit of r?
9
Let d be (21/2)/3*-2. Let z(u) = u**2 + 10*u + 16. Let k be z(d). Let g(p) = p**2 - 5*p - 1. What is the units digit of g(k)?
9
Let j(q) be the first derivative of q**4/4 - q**3 - 11*q**2/2 - 2*q - 36. What is the hundreds digit of j(8)?
2
Suppose 0 = -5*h + 104 + 311. Let c = h - 12. What is the units digit of c?
1
Suppose 7*d - 6449 - 10064 = 0. What is the hundreds digit of d?
3
Let c(r) = 4*r + 15. Let p be c(10). What is the units digit of -2 + p + 12/(-4)?
0
Suppose -36 = -q - z, 3*q - q + 3*z = 72. What is the tens digit of 324/10*240/q?
1
Let b(u) = -184*u + 36. What is the tens digit of b(-3)?
8
Let j = 490 + 82. What is the tens digit of j?
7
Let h(f) = 3*f + 15. Let o(c) = -c**3 - 4*c**2 + 5*c + 10. Let z be o(-5). What is the units digit of h(z)?
5
Let w be